).
2, 2609
Suppose 0 = a - 3*z - 19119, -101*z + 104*z = 4*a - 76458. What are the prime factors of a?
3, 23, 277
Let f(y) = -5*y + 58. Let w be f(9). Suppose 11*a = w*a + 10. Let k(l) = l**3 + 8*l**2 + 6*l + 2. List the prime factors of k(a).
47
Let h be (-7412)/(-6) - (-10)/(-30). Suppose -503 = 3*q - h. Suppose 0*c = 4*c - q. What are the prime factors of c?
61
Let n(c) = 13*c**2 + 9*c - 36. Let m be n(6). List the prime factors of 1 + m - (-9)/9.
2, 61
Suppose 3*q + 3*y = 6*y, -3*q = 3*y - 24. Suppose -q*f = -5*g - 5753, -2 - 1 = 3*g. What are the prime factors of f?
3, 479
Let t(s) = -2*s**3 + 4*s**2 + 23*s - 9. Let p be t(4). Let c = 108 + 214. Suppose -c = p*z - 21*z. What are the prime factors of z?
7, 23
Let s = 118 + -135. Let k = s - -729. List the prime factors of k.
2, 89
Let i = 73 - -28. Let y = i - -94. List the prime factors of y.
3, 5, 13
Let b = -90 + -591. Let u = b - -971. List the prime factors of u.
2, 5, 29
What are the prime factors of (-8 - ((-1053)/18 - -4))*114?
3, 19, 31
List the prime factors of 4*(1419 - (-1)/((-4)/(-5))).
13, 19, 23
Let s be ((-147)/(-9) - 2) + 2/3. Suppose 10*g - 25 - s = 0. Suppose 0 = 5*u + 4*v - 661, -5*u + 141 = -g*u + 3*v. List the prime factors of u.
3, 43
Suppose 3*w - 2*j - 3 = -1, 0 = -2*w + j + 3. Suppose -8*k = w*k - 8688. List the prime factors of k.
2, 181
Let y = 1774 + -1334. List the prime factors of y.
2, 5, 11
Suppose -22*k + 21*k = -16. Suppose k*j - 10*j = 3528. Suppose -52 + j = 4*w. List the prime factors of w.
2, 67
Suppose 153*z - 7045427 - 2302036 = 2939661. List the prime factors of z.
2, 17, 1181
Let l(o) = o + 7. Let d be l(0). Let n(c) = 21*c + 16. List the prime factors of n(d).
163
Let t(m) = 82*m - 2. Let r(k) = -k + 9. Let y be r(7). Suppose -y*o = 5*w - 5*o - 8, 0 = -w - 4*o - 3. List the prime factors of t(w).
2, 5
Suppose 2101217 + 1640825 = 185*s + 713777. What are the prime factors of s?
16369
Suppose -9 = -3*m, 17*p = 22*p - m - 160012. List the prime factors of p.
32003
Let c = -25665 - -51700. List the prime factors of c.
5, 41, 127
Suppose -5*o = v - 14374, -131*o - 4*v - 14404 = -136*o. What are the prime factors of o?
2, 719
Suppose 8*j - 13*j = -28676 - 17699. List the prime factors of j.
5, 7, 53
Let v = 30 + -34. Let n(d) be the third derivative of -d**6/40 - d**5/10 - 7*d**4/24 - 5*d**3/6 + 14*d**2. What are the prime factors of n(v)?
7, 17
Let n(v) = 262*v + 35230. What are the prime factors of n(0)?
2, 5, 13, 271
Suppose -76 - 539 = -5*t + 4*m, -m = 4*t - 492. List the prime factors of t.
3, 41
Let m(f) = 2*f**2 + 21*f - 36. Let t be m(-11). Let w(g) = -21*g - 33. What are the prime factors of w(t)?
2, 3, 41
Suppose 8*b + 324 = -436. Let s = 2062 - b. What are the prime factors of s?
3, 719
Let j = 33 + -35. Let u be 4448/(-72) - j/(-9). Let k = -44 - u. List the prime factors of k.
2, 3
Let w = 29773 - 4705. What are the prime factors of w?
2, 3, 2089
Let s be 2/10 + (-13455)/25. Suppose 2*j = -3*n + 1539, 5*n + 1112 = 2*j - 387. Let x = s + j. List the prime factors of x.
2, 7
Let z(v) = v**3 - 70*v**2 - 57*v - 325. List the prime factors of z(72).
5939
Suppose -3*g - 4705 = -57109. List the prime factors of g.
2, 11, 397
Suppose -2*w + s + 31 = 0, -2*w + 4*s - 32 = -6*w. Suppose -w*i + 12*i + 18 = 0. Suppose -3*n + i = -12. List the prime factors of n.
2, 5
Let y be (-2)/(-1 - 1) - -1. Suppose 5*d + 83*z - 11 = 87*z, 6 = 3*d - 3*z. Suppose -5*b - y + 17 = 0, d*s + b - 393 = 0. What are the prime factors of s?
2, 5, 13
Let j(t) = -5*t**2 - 2*t + 5. Let w be j(4). Let d(m) = -m**3 - 13*m**2 - 16*m + 28. Let f be d(-11). Let a = f - w. What are the prime factors of a?
3, 5
Suppose 4*x = -l + 8, 3*l + l + 7 = -3*x. Let t(d) = -85*d**2 + 3*d**3 - 7 - 4*d + 154*d**2 - 64*d**2 + d. List the prime factors of t(x).
2, 5, 11
Suppose 102*w + 147495 + 63324 = 109*w. List the prime factors of w.
3, 10039
Suppose 253*p = 154*p + 6350652. List the prime factors of p.
2, 7, 29, 79
Suppose 15*o - 108723 - 76512 = 0. List the prime factors of o.
53, 233
Let f be 6/(-4) + (-41)/(-82). List the prime factors of 173375/292 - f/4.
2, 3, 11
Suppose 19*w - 3*z = 16*w + 11370, 7578 = 2*w - 3*z. List the prime factors of w.
2, 3, 79
Suppose -15*p + 9203 = -21502. List the prime factors of p.
23, 89
Suppose 7*y - 4 - 45 = 0. Suppose y*g - 390 = -8*g. Let o = g - -42. List the prime factors of o.
2, 17
Let q(t) be the first derivative of t**3/3 + t**2 + 12. Let f be q(-3). List the prime factors of 442/6 + 1/f.
2, 37
Let b(v) = v**2 - 20*v - 29. What are the prime factors of b(59)?
2, 71
Suppose w = -10 + 6. Let x be (-16)/2*(-5 - -6). List the prime factors of (-2)/(w/(x/(-4)))*5.
5
Suppose 25*j + 9*j = 904505 + 168637. List the prime factors of j.
3, 7, 167
Suppose k + 2 + 14 = -5*f, 0 = -3*f - 3*k - 12. Let l be -3*1 + (f - -8). Suppose -v + 54 = 4*x - l*x, -1 = -x. What are the prime factors of v?
2, 13
Let c(x) = -342*x + 2338. What are the prime factors of c(-44)?
2, 8693
Suppose 3*f = -m + 62, -54 = -3*f + 7*m - 10*m. What are the prime factors of (-9)/24*2*(-262 + f)?
2, 3, 5
Let j(g) = -g - 29. Let h be j(-38). Suppose -h*d - 57 = -435. What are the prime factors of d?
2, 3, 7
Suppose 3 = -j - 3*p, -4 = p - 5*p. Let o be j/(-10) + (-207)/45. Let w(k) = -13*k + 4. List the prime factors of w(o).
2, 7
What are the prime factors of -9 - -7 - ((-30)/(-5) + -8)*484?
2, 3, 7, 23
Suppose -a = -o, -a - 4 - 2 = -4*o. Suppose o*z - 68 = 3*g - 6*g, 0 = -4*z - 2*g + 128. Suppose 340 = -z*x + 36*x. List the prime factors of x.
2, 17
Let w be 6/18 - (-1)/((-6)/(-28)). Let n = -3 + w. Suppose -n*l + 2 = -54. List the prime factors of l.
2, 7
Suppose 40*p - 1654 = -8814. Let r = 1193 + p. What are the prime factors of r?
2, 3, 13
Suppose f + 5*z - 194 = 0, 7*z - 173 = -f + 9*z. Let l = f + 343. What are the prime factors of l?
2, 3, 29
Let d(c) = c**3 - 10*c**2 + 18*c + 8. Let i be d(8). Let b be ((-4)/(-6))/(i/(-36)). List the prime factors of b/3 - (-669)/9.
2, 37
Let a(d) = 4*d + 14*d - 2*d - 7. Let w(p) = 17*p - 8. Let h(k) = 6*a(k) - 5*w(k). What are the prime factors of h(8)?
2, 43
Let v(y) = y**2 - 32*y + 2. Let h be v(-5). Suppose 8*q = h + 437. List the prime factors of q.
2, 3, 13
Let a = -7320 - -16274. List the prime factors of a.
2, 11, 37
Suppose 0 = 25*j + 10338 + 35287. List the prime factors of 6 + (1 - j/5).
2, 3, 31
Let c(w) = -7*w**3 + 185*w**2 + 7*w + 1. What are the prime factors of c(25)?
2, 3, 7, 17
Suppose 2*a - 233 = 6*b - b, 2*b - 130 = -a. Suppose -p = -4*s + 187, 0 = -3*s + 3*p + p + a. List the prime factors of s.
2, 3
Let k = 1181 - 813. Let v = k + -249. What are the prime factors of v?
7, 17
Let s(z) = -z**2 - 15*z + 24. Let i be s(-16). Let r(x) = -101*x - 122*x - i + 153*x. List the prime factors of r(-2).
2, 3, 11
Let x(a) = a**3 - 7*a**2 + 44. Let w be x(6). Let y(v) = 2*v**2 + 11*v - 16. What are the prime factors of y(w)?
2, 5
Let g(i) = 1259*i + 1328. What are the prime factors of g(11)?
3, 5059
Suppose -a + 3*a - 3*m - 109 = 0, -m = -a + 54. Let t = 139 - a. Let n = 245 - t. What are the prime factors of n?
3, 53
Let r = 18 + -58. Let h = r - -45. Let i(m) = 7*m**2 - 18*m + 10. What are the prime factors of i(h)?
5, 19
Suppose -3*f - 103 = -4*a + 106, -a + 270 = -4*f. Let l = f - -65. List the prime factors of 173/l*(14/2 - 9).
173
Suppose 2*v = 3*j, -9*v + j + 4 = -7*v. Suppose -f = 5*w + 2*f - 3455, w - v*f - 691 = 0. List the prime factors of w.
691
Let v be ((-12)/18)/((-6)/2241). Let j = v + -50. List the prime factors of j.
199
Suppose 11*n = -913 - 308. Let r = 115 + n. Suppose 5*z + r*t = z + 280, z - 55 = -4*t. List the prime factors of z.
3, 5
What are the prime factors of (-21 + 21 + 4)/(1/10958)?
2, 5479
Let a be 3/(-4 + (-161)/(-35)). Suppose 3*w - 570 = -0*w + 5*c, a*c = -15. What are the prime factors of w?
5, 37
Let p(n) = -1198*n + 249. Let z(t) = -599*t + 124. Let o(s) = 4*p(s) - 9*z(s). What are the prime factors of o(3)?
3, 13, 43
Suppose 3*r + q - 9 = 0, 0*r - r + 16 = -4*q. Suppose 2*u + r*o + 1927 = 5*u, -o + 1281 = 2*u. List the prime factors of u.
641
Let s(k) = -8*k**2 + 5*k. Let p be s(-8). Let x = -189 - p. What are the prime factors of x?
3, 11
Let v = -171 - -176. Suppose -q = 24*o - 19*o - 408, q - v*